{"id":3391,"date":"2025-09-11T00:50:30","date_gmt":"2025-09-11T00:50:30","guid":{"rendered":"https:\/\/ligacontraelcancer.org\/event\/annual-telemaraton-2025\/"},"modified":"2025-09-11T00:52:30","modified_gmt":"2025-09-11T00:52:30","slug":"annual-telemaraton-2025","status":"publish","type":"tribe_events","link":"https:\/\/ligacontraelcancer.org\/es\/eventos\/annual-telemaraton-2025\/","title":{"rendered":"Annual Telemaraton 2025"},"content":{"rendered":"<p>El Telemarat\u00f3n Anual de La Liga Contra el C\u00e1ncer se llevar\u00e1 a cabo el s\u00e1bado 20 de septiembre de 2025 y se transmitir\u00e1 en vivo v\u00eda Telemundo-Canal 51.<\/p>\n","protected":false},"excerpt":{"rendered":"<p>El Telemarat\u00f3n Anual de La Liga Contra el C\u00e1ncer se llevar\u00e1 a cabo el s\u00e1bado 20 de septiembre de 2025 y se [&hellip;]<\/p>\n","protected":false},"author":2,"featured_media":0,"template":"","meta":{"_tribe_events_status":"","_tribe_events_status_reason":"","footnotes":""},"tags":[],"tribe_events_cat":[],"class_list":["post-3391","tribe_events","type-tribe_events","status-publish","hentry"],"_links":{"self":[{"href":"https:\/\/ligacontraelcancer.org\/es\/wp-json\/wp\/v2\/tribe_events\/3391","targetHints":{"allow":["GET"]}}],"collection":[{"href":"https:\/\/ligacontraelcancer.org\/es\/wp-json\/wp\/v2\/tribe_events"}],"about":[{"href":"https:\/\/ligacontraelcancer.org\/es\/wp-json\/wp\/v2\/types\/tribe_events"}],"author":[{"embeddable":true,"href":"https:\/\/ligacontraelcancer.org\/es\/wp-json\/wp\/v2\/users\/2"}],"version-history":[{"count":0,"href":"https:\/\/ligacontraelcancer.org\/es\/wp-json\/wp\/v2\/tribe_events\/3391\/revisions"}],"wp:attachment":[{"href":"https:\/\/ligacontraelcancer.org\/es\/wp-json\/wp\/v2\/media?parent=3391"}],"wp:term":[{"taxonomy":"post_tag","embeddable":true,"href":"https:\/\/ligacontraelcancer.org\/es\/wp-json\/wp\/v2\/tags?post=3391"},{"taxonomy":"tribe_events_cat","embeddable":true,"href":"https:\/\/ligacontraelcancer.org\/es\/wp-json\/wp\/v2\/tribe_events_cat?post=3391"}],"curies":[{"name":"wp","href":"https:\/\/api.w.org\/{rel}","templated":true}]}}

<p>El Telemaratón Anual de La Liga Contra el Cáncer se llevará a cabo el sábado 20 de septiembre de 2025 y se transmitirá en vivo vía Telemundo-Canal 51.</p>

<p>El Telemaratón Anual de La Liga Contra el Cáncer se llevará a cabo el sábado 20 de septiembre de 2025 y se [&hellip;]</p>
